 7*z(i). List the prime factors of m(-7).
127
Suppose 3*c + 2*j - 47 = -2*j, 0 = -3*j - 3. Suppose c*z = 16*z + 104. What are the prime factors of z?
2, 13
Let g be 320/24 - 2/6. Let z = 97 - g. What are the prime factors of z?
2, 3, 7
Let r(q) = -q**3 - 13*q**2 + 7*q - 20. Let j be r(-14). Suppose -j = -3*u + 3*p, 2*u - 4*p = -3*u + 134. List the prime factors of u.
2, 3, 5
Let r = 728 - 265. List the prime factors of r.
463
Let x(l) = 2*l + 5. Let u(v) = 2*v + 4. Let s(i) = 6*u(i) - 5*x(i). Let b = 19 + -8. What are the prime factors of s(b)?
3, 7
Suppose 3*y = 47*n - 48*n + 3351, 0 = -4*y - 3*n + 4463. List the prime factors of y.
2, 13, 43
Suppose -2*g = 2*i, 0*i + 5*i + 3*g = 4. Suppose 0 = -c - 2*c - i*l + 130, 0 = 2*c - 2*l - 100. List the prime factors of c.
2, 23
Let j be (0 + 2/2)*-134. List the prime factors of (j/(-4))/((-1)/(-2)).
67
Suppose 0 = 21*q - 31*q + 1510. List the prime factors of q.
151
What are the prime factors of ((-6)/(-4))/(5/((-54400)/(-24)))?
2, 5, 17
Suppose 0 = -2*h + 4*f - 6, h + h - 2*f = 0. Let d be 0 + (-516)/(-4) + h. Suppose -d = -2*l - l. List the prime factors of l.
2, 11
Suppose -24*x - 18*x + 17136 = 0. What are the prime factors of x?
2, 3, 17
Suppose -10*b = -1888 - 812. List the prime factors of b.
2, 3, 5
Let r(z) = z**2 + 8*z + 2. Let v = 0 - 9. Let c be r(v). Suppose 4*u - 37 - c = 0. What are the prime factors of u?
2, 3
Let j(u) = -u**2 + 1 + 8*u**2 + 6*u**2 - 2*u**2 + 2*u. Let s be j(-1). Suppose -2*t = -2 + s, -3*h - 5*t + 34 = 0. List the prime factors of h.
2, 3
Let j be 4/(-18) - 1942/9. Suppose 2*l = -174 + 200. What are the prime factors of j/(-117) - (-2)/l?
2
Let f = 266 + 5214. What are the prime factors of f?
2, 5, 137
Suppose -13672 = 37*f - 75240. List the prime factors of f.
2, 13
Suppose -3*w + 3098 = 4*y - 2487, -5*w = -2*y + 2799. List the prime factors of y.
11, 127
Let q(f) = -18*f - 21. Let j(z) = -z**2 + 2*z - 10. Let k be j(3). List the prime factors of q(k).
3, 71
Let a be 8/16 + 139/2. Suppose -a = -12*u + 7*u. Suppose 3 + 13 = 4*y + 4*d, 0 = 5*y - d - u. List the prime factors of y.
3
Let v(j) = j**3 - 5*j**2 + 5*j + 3. Suppose 4*r = -2 + 14. Let s be r*((-32)/12)/(-2). List the prime factors of v(s).
7
Suppose -27*j + 214334 = 35*j. List the prime factors of j.
3457
Let y(j) = j**2 + 5*j + 6. Let c be (48/40)/((18/40)/3). What are the prime factors of y(c)?
2, 5, 11
Suppose 10 + 0 = -5*p. Let g be (1 + -1)/p - -4. Suppose g*d - 20 - 52 = 0. What are the prime factors of d?
2, 3
Let t = 448 - -119. List the prime factors of t.
3, 7
Let j be 0 + -4 + (-95)/19. Let w = 171 - j. List the prime factors of w.
2, 3, 5
Let k = 57 + -132. Let y = -35 - k. List the prime factors of y.
2, 5
Suppose 4 = -3*j + 106. Let k = j + -4. Let p = k - 2. What are the prime factors of p?
2, 7
Let k(u) = -42*u**3 + 5*u**2 + 5*u + 7. What are the prime factors of k(-3)?
1171
Suppose -5*j + 230 = -r + 2*r, -4*r + 121 = 3*j. Suppose -4*w + 37 + j = 0. What are the prime factors of w?
3, 7
Let t be 3/(3/7)*1. Suppose t*b - 88 = 3*b. Let r = 65 - b. List the prime factors of r.
43
Suppose -2*f - o = 17, 23 = -3*f - o - 0*o. Let p(d) = -13*d - 30. List the prime factors of p(f).
2, 3
Let u = -358 + 1478. List the prime factors of u.
2, 5, 7
Let q(o) = o**3 - 3*o**2 - 4*o - 1. Let w be q(4). List the prime factors of (37 - -1) + 3 + w.
2, 5
What are the prime factors of 61 + -1 + (8 + -9 - -1)?
2, 3, 5
Suppose 0 = 16*h - 18*h + 118. List the prime factors of h.
59
Let s(o) = -o + 701. List the prime factors of s(0).
701
Suppose -p - 4*p = 0. Let r = 9 - p. Suppose -10 = -r*o + 4*o. List the prime factors of o.
2
Let q be 1/2*(-4 - -10). Suppose -3*r = -12, 2*f - q*r - 2*r + 12 = 0. What are the prime factors of -2*2/f - -3?
2
Let k(z) = 10*z**2 - 12*z - 18. List the prime factors of k(9).
2, 3, 19
Suppose 10*d - 3 = 9*d. Suppose -d*s + 5*a - 4 = 2, 3*s + 3*a = -6. What are the prime factors of 3/s - 595/(-10)?
2, 29
Let a = 255 + -137. Suppose -4*x + a = -5*n - 223, 2*n = -x + 95. What are the prime factors of x?
89
Suppose 3*k + 89 = 1505. Let v = k + -309. What are the prime factors of v?
163
Let s be (0 + 1 - -2)*1. Suppose -s*n + 0*n + 42 = -3*a, -3*n + 2*a + 39 = 0. List the prime factors of n.
11
Let g be (-2)/6 - (-1070)/6. Let x = -70 + g. Suppose 4*q - q = x. List the prime factors of q.
2, 3
List the prime factors of 2169 - (-12 - ((-84)/(-4))/(-3)).
2, 1087
Suppose -693 = 54*a - 65*a. What are the prime factors of a?
3, 7
Let z = 51 + -24. Let l be z/4 + (-14)/(-56). What are the prime factors of (l/(-3))/(7/(-126))?
2, 3, 7
List the prime factors of (-2 + 1043/(-2))/(40/(-80)).
3, 349
Suppose -15*q + 40 + 35 = 0. Suppose q*j - 5 = 70. What are the prime factors of j?
3, 5
Let s = 2913 - 1278. List the prime factors of s.
3, 5, 109
Let t(m) = -33*m - 16. Let z be t(-5). Suppose -3*k + 635 = -2*x, -3*x - 65 = -k + z. What are the prime factors of k?
211
Let w(d) = 20*d - 10. Let f(v) = 81*v - 41. Let b(o) = 2*f(o) - 9*w(o). List the prime factors of b(-11).
2, 103
Let m(c) = 35*c - 1. Suppose 0 = -14*r + 13*r + 1. What are the prime factors of m(r)?
2, 17
Let t be 2/((3 - 2)/(-47)). List the prime factors of t*(14/4 + -4).
47
Let r be 2/7 - 8953/(-49). Suppose 4*k + 832 = 4*y, -y + 27 = -3*k - r. What are the prime factors of y?
3, 23
What are the prime factors of (1212/(-56) + 5/35)*-32?
2, 43
Let l(t) = -8*t + 11. Let b(u) = 7*u - 11. Let j be -1 - (4 + 2) - -4. Let x(n) = j*l(n) - 2*b(n). List the prime factors of x(3).
19
Let c(x) be the second derivative of 3*x + 0 - 1/12*x**4 + 2*x**2 + 7/3*x**3. List the prime factors of c(12).
2, 7
Suppose -160623 = -173*m + 92*m. List the prime factors of m.
3, 661
Suppose 653 = 4*r + 3*z, -2*r + 5*z = -240 - 67. What are the prime factors of r?
7, 23
List the prime factors of -1 - (12 + -3) - -1526.
2, 379
Let l(p) = -p**2 - 3*p. Let w be l(-3). Let m be ((w - 2) + 2)/1. Suppose m = 4*n - 16, 3*a = -n - 4*n + 173. What are the prime factors of a?
3, 17
Let c(d) = -11*d + 1 - 2*d + 11 + d. Let a be c(5). What are the prime factors of a/16*3/(-1)?
3
Let d = -63 + 111. Suppose -2*i - 2*b + d = -3*b, -b - 70 = -3*i. List the prime factors of i.
2, 11
Let q(r) = -5*r + 34. Suppose 0 = 4*k + 2*y - 14, 5*y + 0 = -5*k + 5. What are the prime factors of q(k)?
2
Let f = -99 + 102. Suppose 5*l + 44 - 1226 = -2*t, 3 = f*t. What are the prime factors of l?
2, 59
Let h(j) = -89*j + 94. Let q be h(1). Let s(p) = p - 4. Let b be s(-6). Let u = q - b. What are the prime factors of u?
3, 5
Suppose 8337 + 32418 = 39*s. List the prime factors of s.
5, 11, 19
Let n(j) be the third derivative of -j**5/60 - 5*j**4/24 - j**3/6 - 5*j**2. Let x be n(-5). List the prime factors of 17 - (x + 7 + -3).
2, 7
Let f(q) = q + 9. Suppose -3*c = 2*z - 17, 5*c - 3*z = c. Suppose i + c = 10. List the prime factors of f(i).
2
Suppose -5*c - 6 = 4. List the prime factors of 213 + 5 + c - 3.
3, 71
Let y(p) = 80*p - 95. What are the prime factors of y(20)?
5, 7, 43
Let w(z) be the second derivative of -z**4/12 + 3*z**3/2 + 15*z**2/2 - 18*z. List the prime factors of w(9).
3, 5
Let r = -153 + 155. What are the prime factors of r*(1146/12 + -3)?
5, 37
Let i = -41 - -20. Let x = i - -64. List the prime factors of x.
43
Let r = 1008 - 416. List the prime factors of r.
2, 37
Suppose 7*z + 16*z - 667 = 0. What are the prime factors of z?
29
Let u(b) = 4*b**2 - 5*b**2 + 2 + 4 - 2*b**2. Let z be u(6). List the prime factors of z/(-4) - 3/(-6).
2, 13
Let s(q) = 306*q**2 + 17*q + 32. List the prime factors of s(-2).
2, 13, 47
Suppose 2*k - 6*k + 12 = 0. Suppose -k*m + 22 = -92. List the prime factors of m.
2, 19
Let v(i) = 39*i**2 + 21*i - 75. List the prime factors of v(4).
3, 211
Let a(o) = 6*o - 22. Let q be a(4). Suppose 0*k - 2*k - 262 = -q*n, 0 = 5*n - k - 659. List the prime factors of n.
2, 3, 11
Let x(o) = -o**3 + 11*o**2 - 7*o + 4. Let j(k) = k**3 - 18*k**2 + 2*k - 26. Let q be j(18). List the prime factors of x(q).
2, 17
Let x(r) = r**3 + 7*r**2 + 11*r - 16. List the prime factors of x(5).
3, 113
Let z(d) = -4*d + 23. Let q be z(4). Suppose 0 = -q*h - 81 + 746. List the prime factors of h.
5, 19
Suppose 654*n + 4616 = 662*n. What are the prime factors of n?
577
Suppose -122*s + 1